3
What is 1221 (base 4) in base 16?
69
623 (base 8) to base 15
1bd
-21 (base 15) to base 9
-34
What is 34 (base 8) in base 6?
44
Convert 9e (base 15) to base 7.
302
What is 2 (base 3) in base 6?
2
What is 3 (base 9) in base 14?
3
Convert 3 (base 4) to base 9.
3
22 (base 3) to base 11
8
-1 (base 2) to base 12
-1
What is 0 (base 8) in base 11?
0
Convert 8 (base 13) to base 15.
8
Convert -21 (base 7) to base 10.
-15
What is -51 (base 9) in base 11?
-42
3 (base 6) to base 4
3
57 (base 13) to base 9
80
What is -64 (base 8) in base 12?
-44
Convert -314 (base 6) to base 15.
-7d
What is 35 (base 12) in base 7?
56
What is -2 (base 10) in base 16?
-2
What is 21 (base 8) in base 2?
10001
Convert 4 (base 14) to base 12.
4
Convert 156 (base 7) to base 9.
110
Convert 102 (base 7) to base 3.
1220
18 (base 13) to base 4
111
What is 334 (base 10) in base 7?
655
What is -10000 (base 3) in base 11?
-74
What is -3 (base 7) in base 10?
-3
What is 11 (base 12) in base 3?
111
What is 55 (base 9) in base 8?
62
Convert -3 (base 13) to base 5.
-3
Convert -13 (base 16) to base 12.
-17
What is -42 (base 6) in base 15?
-1b
-1 (base 10) to base 8
-1
What is 40 (base 10) in base 3?
1111
What is d (base 15) in base 3?
111
What is 3 (base 6) in base 4?
3
Convert -89 (base 12) to base 5.
-410
Convert 1010 (base 2) to base 9.
11
Convert -11 (base 3) to base 15.
-4
Convert -2 (base 11) to base 5.
-2
What is 2 (base 6) in base 7?
2
Convert -4 (base 13) to base 15.
-4
11 (base 2) to base 16
3
2 (base 10) to base 13
2
-1 (base 5) to base 13
-1
4 (base 10) to base 5
4
Convert 1001 (base 2) to base 6.
13
Convert 2 (base 16) to base 9.
2
What is 141 (base 10) in base 3?
12020
What is 3 (base 8) in base 14?
3
Convert -61 (base 7) to base 10.
-43
e (base 16) to base 6
22
-1a2 (base 11) to base 3
-22122
What is 5 (base 14) in base 6?
5
Convert 50 (base 14) to base 4.
1012
What is 1 (base 15) in base 7?
1
4 (base 12) to base 2
100
Convert -1 (base 2) to base 8.
-1
26 (base 9) to base 14
1a
What is 1a (base 14) in base 12?
20
What is -145 (base 7) in base 14?
-5c
4 (base 9) to base 14
4
a0 (base 13) to base 2
10000010
2 (base 8) to base 16
2
Convert -44 (base 7) to base 15.
-22
What is -101100 (base 2) in base 13?
-35
Convert 101 (base 4) to base 3.
122
What is 98 (base 10) in base 6?
242
-11 (base 7) to base 2
-1000
112 (base 7) to base 9
64
51 (base 7) to base 13
2a
What is -6 (base 12) in base 8?
-6
Convert 1010 (base 2) to base 4.
22
2 (base 14) to base 15
2
14b (base 13) to base 4
3220
Convert 3 (base 11) to base 12.
3
What is -5 (base 8) in base 6?
-5
What is 1003 (base 5) in base 16?
80
b (base 13) to base 2
1011
What is -3 (base 6) in base 5?
-3
-2a (base 12) to base 5
-114
What is -20002 (base 3) in base 15?
-ae
Convert -3 (base 6) to base 16.
-3
2 (base 5) to base 4
2
223 (base 5) to base 3
2100
Convert -211 (base 7) to base 16.
-6a
1a (base 11) to base 14
17
What is 143 (base 9) in base 8?
170
What is 10 (base 4) in base 14?
4
Convert 10 (base 9) to base 15.
9
Convert 9 (base 16) to base 7.
12
Convert -34 (base 9) to base 7.
-43
What is 610 (base 7) in base 11?
254
What is 1 (base 3) in base 6?
1
Convert -30 (base 7) to base 2.
-10101
Convert 4d (base 14) to base 11.
63
2 (base 8) to base 5
2
Convert 1a (base 15) to base 8.
31
43 (base 15) to base 12
53
2100 (base 3) to base 12
53
What is -1c (base 15) in base 12?
-23
Convert 4 (base 14) to base 12.
4
What is 2 (base 7) in base 12?
2
Convert 301 (base 6) to base 8.
155
Convert -32 (base 13) to base 14.
-2d
1 (base 11) to base 2
1
Convert -34 (base 11) to base 4.
-211
Convert 10 (base 4) to base 13.
4
What is 11010 (base 2) in base 14?
1c
What is -38 (base 11) in base 2?
-101001
-2 (base 5) to base 16
-2
What is -1 (base 10) in base 8?
-1
3 (base 14) to base 3
10
What is -40 (base 12) in base 10?
-48
What is 56 (base 12) in base 15?
46
-1 (base 9) to base 15
-1
Convert -2 (base 5) to base 3.
-2
-123 (base 5) to base 9
-42
Convert 1 (base 5) to base 6.
1
-40 (base 5) to base 9
-22
What is 1 (base 8) in base 3?
1
Convert -5 (base 13) to base 12.
-5
What is 19 (base 11) in base 13?
17
What is -1444 (base 5) in base 9?
-306
What is 21 (base 4) in base 8?
11
73 (base 8) to base 6
135
4 (base 14) to base 8
4
3 (base 8) to base 2
11
Convert 10 (base 9) to base 16.
9
What is -91 (base 11) in base 10?
-100
What is 6 (base 11) in base 5?
11
What is -120 (base 3) in base 6?
-23
Convert 3 (base 8) to base 10.
3
Convert 2 (base 3) to base 8.
2
-13 (base 10) to base 6
-21
Convert -3 (base 11) to base 13.
-3
Convert 1 (base 16) to base 14.
1
-3 (base 10) to base 12
-3
What is -3e (base 16) in base 7?
-116
Convert 6 (base 14) to base 12.
6
What is -2 (base 3) in base 13?
-2
Convert -21 (base 4) to base 8.
-11
What is -10101 (base 3) in base 11?
-83
Convert -100011 (base 2) to base 9.
-38
What is -d (base 16) in base 11?
-12
What is 105 (base 10) in base 11?
96
Convert 1000101 (base 2) to base 3.
2120
-141 (base 6) to base 4
-331
What is 0 (base 9) in base 13?
0
-4 (base 9) to base 3
-11
What is 43 (base 14) in base 15?
3e
-7 (base 9) to base 2
-111
Convert 146 (base 9) to base 5.
443
67 (base 14) to base 15
61
-2 (base 10) to base 11
-2
What is -4 (base 13) in base 14?
-4
What is -347 (base 8) in base 14?
-127
Convert -1111 (base 3) to base 4.
-220
What is -10 (base 10) in base 13?
-a
2a (base 16) to base 10
42
Convert 142 (base 11) to base 6.
435
What is 1110 (base 2) in base 11?
13
4 (base 13) to base 4
10
Convert -4 (base 13) to base 15.
-4
What is 19 (base 15) in base 8?
30
-3 (base 7) to base 9
-3
Convert 320 (base 4) to base 16.
38
11002 (base 3) to base 8
156
Convert 29 (base 10) to base 6.
45
-1110 (base 4) to base 6
-220
What is 3c (base 13) in base 10?
51
What is 30 (base 12) in base 10?
36
1d (base 15) to base 13
22
1010 (base 2) to base 16
a
What is -4c (base 15) in base 13?
-57
What is -22 (base 3) in base 7?
-11
Convert -1 (base 7) to base 6.
-1
Convert -3 (base 13) to base 16.
-3
What is -16 (base 9) in base 13?
-12
What is 1 (base 5) in base 2?
1
Convert -21 (base 3) to base 2.
-111
2 (base 13) to base 16
2
Convert 104 (base 5) to base 3.
1002
What is 11 (base 4) in base 11?
5
Convert -65 (base 12) to base 9.
-85
Convert -1 (base 4) to base 10.
-1
Convert 0 (base 3) to base 5.
0
What is 3 (base 9) in base 4?
3
Convert 3 (base 9) to base 12.
3
1 (base 13) to base 5
1
Convert 11 (base 12) to base 10.
13
100 (base 2) to base 16
4
Convert -6 (base 15) to base 9.
-6
-1 (base 13) to base 9
-1
Convert 2e (base 15) to base 5.
134
What is 91 (base 15) in base 5?
1021
51 (base 15) to base 13
5b
-19 (base 11) to base 4
-110
-140 (base 9) to base 3
-11100
Convert 2 (base 7) to base 4.
2
What is 1 (base 8) in base 2?
1
Convert 5 (base 11) to base 3.
12
Convert 2b (base 13) to base 6.
101
304 (base 5) to base 6
211
What is -11 (base 4) in base 3?
-12
11201 (base 3) to base 2
1111111
What is c (base 14) in base 11?
11
Convert 0 (base 14) to base 6.
0
Convert -1010 (base 3) to base 10.
-30
2 (base 15) to base 12
2
Convert -18 (base 10) to base 7.
-24
Convert -172 (base 8) to base 16.
-7a
Convert 4 (base 7) to base 15.
4
Convert 2 (base 4) to base 13.
2
116 (base 15) to base 3
100010
What is -1b (base 12) in base 5?
-43
What is -1 (base 8) in base 3?
-1
What is 282 (base 9) in base 12?
178
What is -103 (base 7) in base 13?
-40
b8 (base 16) to base 11
158
Convert -13 (base 4) to base 11.
-7
Convert -15 (base 14) to base 6.
-31
Convert -2 (base 13) to base 6.
-2
Convert -4 (base 5) to base 8.
-4
3 (base 14) to base 5
3
Convert -3 (base 5) to base 9.
-3
What is 2 (base 13) in base 7?
2
10 (base 2) to base 12
2
Convert -47 (base 12) to base 2.
-110111
Convert 1 (base 10) to base 6.
1
Convert 75 (base 14) to base 4.
1213
What is -4 (base 15) in base 11?
-4
Convert 34 (base 12) to base 14.
2c
Convert 441 (base 8) to base 10.
289
Convert 1101101 (base 2) to base 9.
131
What is 1 (base 2) in base 11?
1
Convert 13 (base 6) to base 9.
10
1 (base 3) to base 8
1
What is 132 (base 8) in base 16?
5a
What is 35 (base 8) in base 12?
25
Convert 1 (base 10) to base 7.
1
What is -404 (base 5) in base 14?
-76
6 (base 7) to base 5
11
Convert 15 (base 11) to base 4.
100
Convert -3 (base 11) to base 2.
-11
22220 (base 3) to base 16
f0
What is 3 (base 15) in base 1